{"id":6177,"date":"2023-07-11T21:18:59","date_gmt":"2023-07-11T18:18:59","guid":{"rendered":"https:\/\/laspalmas.md\/?page_id=6177"},"modified":"2023-07-11T21:19:01","modified_gmt":"2023-07-11T18:19:01","slug":"capella-ubud-resort-6","status":"publish","type":"page","link":"https:\/\/laspalmas.md\/ru\/capella-ubud-resort-6\/","title":{"rendered":"Capella Ubud Resort 6*"},"content":{"rendered":"\n<div class=\"wp-block-cover has-background-dim\"><img loading=\"lazy\" width=\"964\" height=\"723\" class=\"wp-block-cover__image-background wp-image-6178\" alt=\"\" src=\"https:\/\/laspalmas.md\/wp-content\/uploads\/2023\/07\/ubud-home-05.jpg\" data-object-fit=\"cover\" srcset=\"https:\/\/laspalmas.md\/wp-content\/uploads\/2023\/07\/ubud-home-05.jpg 964w, https:\/\/laspalmas.md\/wp-content\/uploads\/2023\/07\/ubud-home-05-300x225.jpg 300w, https:\/\/laspalmas.md\/wp-content\/uploads\/2023\/07\/ubud-home-05-768x576.jpg 768w, https:\/\/laspalmas.md\/wp-content\/uploads\/2023\/07\/ubud-home-05-640x480.jpg 640w\" sizes=\"(max-width: 964px) 100vw, 964px\" \/><div class=\"wp-block-cover__inner-container\">\n<p class=\"has-text-align-center has-large-font-size\"><strong>Capella Ubud Resort 6*<\/strong><\/p>\n<\/div><\/div>\n\n\n\n<p><strong>De la\u00a04960 Euro \/ 7 nopti \/ Terrace Tent \/ mic dejun<\/strong><\/p>\n\n\n\n<h2>Oferta include<\/h2>\n\n\n\n<ul><li>7 nopti cazare in Terrace Tent<\/li><li>mic dejun<\/li><\/ul>\n\n\n\n<h2>Oferta nu include<\/h2>\n\n\n\n<ul><li>transport<\/li><li>asigurare medicala \/ storno<\/li><\/ul>\n\n\n\n<h2>Cazare<\/h2>\n\n\n\n<p>Descoperind armonia dintre natura virgin\u0103 \u0219i confortul de lux, Capella Ubud, Bali asigur\u0103 unit\u0103\u021bi de cazare \u00een stil cort cu piscin\u0103 cu ap\u0103 s\u0103rat\u0103, \u00een mijlocul vegeta\u021biei luxuriante din Ubud. Situat\u0103 la numai 7 km de centrul ora\u0219ului, aceast\u0103 proprietate ofer\u0103 terase mari \u0219i terase \u00een aer liber, cu vedere la culturile de orez sau la p\u0103durea tropical\u0103 din jur. Oaspe\u021bii se pot bucura de o experien\u021b\u0103 culinar\u0103 deosebit\u0103, cu preparate balineze \u0219i interna\u021bionale, la restaurantul propriet\u0103\u021bii. Conexiunea WiFi este disponibil\u0103 gratuit \u00een toate zonele.<\/p>\n\n\n\n<p>Av\u00e2nd design eclectic \u00een stil balinez, lucr\u0103ri de art\u0103 \u0219i obiecte de epoc\u0103, camerele acestui complex ofer\u0103 facilit\u0103\u021bi moderne precum aer condi\u021bionat, ventilator, seif personal \u0219i fierb\u0103tor electric. Toate unit\u0103\u021bile includ o zon\u0103 de relaxare spa\u021bioas\u0103. B\u0103ile private ofer\u0103 o cad\u0103 de lux \u0219i articole de toalet\u0103, precum \u0219i un usc\u0103tor de p\u0103r \u0219i papuci.<\/p>\n\n\n\n<p>Oaspe\u021bii pot lua masa la Mad&#8217;s Lounge sau la Api Jiwa pentru preparate asiatice delicioase. Ca alternativ\u0103, oaspe\u021bii se pot bucura de gust\u0103ri de tab\u0103r\u0103 \u0219i de filme romantice la Camp Fire. Restaurantele ofer\u0103 op\u021biuni vegane \u0219i f\u0103r\u0103 gluten. Micul dejun \u00e0 la carte este servit zilnic la Capella Ubud, Bali.<\/p>\n\n\n\n<p>Activit\u0103\u021bile disponibile \u00een apropierea complexului Capella Ubud, Bali includ plimb\u0103rile cu bicicleta. Oaspe\u021bii au la dispozi\u021bie biciclete gratuite.<\/p>\n\n\n\n<p>Recep\u021bia este deschis\u0103 non-stop. Personalul amabil \u0219i ospitalier v\u0103 va furniza cu pl\u0103cere informa\u021bii despre zon\u0103 \u0219i insul\u0103.<\/p>\n\n\n\n<p>Pe\u0219tera Elefantului este la 9 km de complex, iar Naughty Nuri&#8217;s Warung &#038; Grill se afl\u0103 la 5 km. Aeroportul Interna\u021bional Ngurah Rai este la 35 km de proprietate.<\/p>\n\n\n\n<h2>Conditii oferta<\/h2>\n\n\n\n<p>Tariful afisat este valabil in momentul editarii \/ postarii acestei oferte!<br>Locuri in limita disponibilitatii!<br>Atentie, disponibilitatea se poate schimba in orice moment, motiv pentru care va rugam sa ne contactati pentru reconfirmarea tarifelor si \/ sau a locurilor disponibile!<\/p>\n\n\n\n<h2>Valabilitate oferta<\/h2>\n\n\n\n<p>Tariful afisat este valabil pentru sejur in perioada 08 Oct 2023 &#8211; 27 Oct 2023.<br>Pentru alte date de plecare, nu ezitati sa ne contactati.<\/p>\n\n\n\n<p><strong><a href=\"https:\/\/laspalmas.md\/contact-us-1\/\">Suna\u021bi acum pentru o vacanta relaxanta: 060552999 \/ 023 58 40 04<\/a><\/strong><\/p>\n\n\n\n<figure class=\"wp-block-image size-large\"><a href=\"https:\/\/laspalmas.md\/wp-content\/uploads\/2023\/07\/160819838.jpg\"><img loading=\"lazy\" width=\"1024\" height=\"768\" src=\"https:\/\/laspalmas.md\/wp-content\/uploads\/2023\/07\/160819838-1024x768.jpg\" alt=\"\" class=\"wp-image-6179\" srcset=\"https:\/\/laspalmas.md\/wp-content\/uploads\/2023\/07\/160819838-1024x768.jpg 1024w, https:\/\/laspalmas.md\/wp-content\/uploads\/2023\/07\/160819838-300x225.jpg 300w, https:\/\/laspalmas.md\/wp-content\/uploads\/2023\/07\/160819838-768x576.jpg 768w, https:\/\/laspalmas.md\/wp-content\/uploads\/2023\/07\/160819838-640x480.jpg 640w, https:\/\/laspalmas.md\/wp-content\/uploads\/2023\/07\/160819838.jpg 1200w\" sizes=\"(max-width: 1024px) 100vw, 1024px\" \/><\/a><\/figure>\n\n\n\n<figure class=\"wp-block-image size-large\"><a href=\"https:\/\/laspalmas.md\/wp-content\/uploads\/2023\/07\/160819856.jpg\"><img loading=\"lazy\" width=\"1024\" height=\"768\" src=\"https:\/\/laspalmas.md\/wp-content\/uploads\/2023\/07\/160819856-1024x768.jpg\" alt=\"\" class=\"wp-image-6180\" srcset=\"https:\/\/laspalmas.md\/wp-content\/uploads\/2023\/07\/160819856-1024x768.jpg 1024w, https:\/\/laspalmas.md\/wp-content\/uploads\/2023\/07\/160819856-300x225.jpg 300w, https:\/\/laspalmas.md\/wp-content\/uploads\/2023\/07\/160819856-768x576.jpg 768w, https:\/\/laspalmas.md\/wp-content\/uploads\/2023\/07\/160819856-640x480.jpg 640w, https:\/\/laspalmas.md\/wp-content\/uploads\/2023\/07\/160819856.jpg 1200w\" sizes=\"(max-width: 1024px) 100vw, 1024px\" \/><\/a><\/figure>\n\n\n\n<figure class=\"wp-block-image size-large\"><a href=\"https:\/\/laspalmas.md\/wp-content\/uploads\/2023\/07\/160819859.jpg\"><img loading=\"lazy\" width=\"1024\" height=\"768\" src=\"https:\/\/laspalmas.md\/wp-content\/uploads\/2023\/07\/160819859-1024x768.jpg\" alt=\"\" class=\"wp-image-6181\" srcset=\"https:\/\/laspalmas.md\/wp-content\/uploads\/2023\/07\/160819859-1024x768.jpg 1024w, https:\/\/laspalmas.md\/wp-content\/uploads\/2023\/07\/160819859-300x225.jpg 300w, https:\/\/laspalmas.md\/wp-content\/uploads\/2023\/07\/160819859-768x576.jpg 768w, https:\/\/laspalmas.md\/wp-content\/uploads\/2023\/07\/160819859-640x480.jpg 640w, https:\/\/laspalmas.md\/wp-content\/uploads\/2023\/07\/160819859.jpg 1200w\" sizes=\"(max-width: 1024px) 100vw, 1024px\" \/><\/a><\/figure>\n\n\n\n<figure class=\"wp-block-image size-large\"><a href=\"https:\/\/laspalmas.md\/wp-content\/uploads\/2023\/07\/160819850.jpg\"><img loading=\"lazy\" width=\"1024\" height=\"768\" src=\"https:\/\/laspalmas.md\/wp-content\/uploads\/2023\/07\/160819850-1024x768.jpg\" alt=\"\" class=\"wp-image-6182\" srcset=\"https:\/\/laspalmas.md\/wp-content\/uploads\/2023\/07\/160819850-1024x768.jpg 1024w, https:\/\/laspalmas.md\/wp-content\/uploads\/2023\/07\/160819850-300x225.jpg 300w, https:\/\/laspalmas.md\/wp-content\/uploads\/2023\/07\/160819850-768x576.jpg 768w, https:\/\/laspalmas.md\/wp-content\/uploads\/2023\/07\/160819850-640x480.jpg 640w, https:\/\/laspalmas.md\/wp-content\/uploads\/2023\/07\/160819850.jpg 1200w\" sizes=\"(max-width: 1024px) 100vw, 1024px\" \/><\/a><\/figure>\n\n\n\n<figure class=\"wp-block-image size-large\"><a href=\"https:\/\/laspalmas.md\/wp-content\/uploads\/2023\/07\/160819863.jpg\"><img loading=\"lazy\" width=\"1024\" height=\"768\" src=\"https:\/\/laspalmas.md\/wp-content\/uploads\/2023\/07\/160819863-1024x768.jpg\" alt=\"\" class=\"wp-image-6183\" srcset=\"https:\/\/laspalmas.md\/wp-content\/uploads\/2023\/07\/160819863-1024x768.jpg 1024w, https:\/\/laspalmas.md\/wp-content\/uploads\/2023\/07\/160819863-300x225.jpg 300w, https:\/\/laspalmas.md\/wp-content\/uploads\/2023\/07\/160819863-768x576.jpg 768w, https:\/\/laspalmas.md\/wp-content\/uploads\/2023\/07\/160819863-640x480.jpg 640w, https:\/\/laspalmas.md\/wp-content\/uploads\/2023\/07\/160819863.jpg 1200w\" sizes=\"(max-width: 1024px) 100vw, 1024px\" \/><\/a><\/figure>\n","protected":false},"excerpt":{"rendered":"<p>De la\u00a04960 Euro \/ 7 nopti \/ Terrace Tent \/ mic dejun Oferta include 7 nopti cazare in Terrace Tent mic dejun Oferta nu include transport asigurare medicala \/ storno &#8230;<\/p>\n","protected":false},"author":1,"featured_media":0,"parent":0,"menu_order":0,"comment_status":"closed","ping_status":"closed","template":"","meta":[],"_links":{"self":[{"href":"https:\/\/laspalmas.md\/ru\/wp-json\/wp\/v2\/pages\/6177"}],"collection":[{"href":"https:\/\/laspalmas.md\/ru\/wp-json\/wp\/v2\/pages"}],"about":[{"href":"https:\/\/laspalmas.md\/ru\/wp-json\/wp\/v2\/types\/page"}],"author":[{"embeddable":true,"href":"https:\/\/laspalmas.md\/ru\/wp-json\/wp\/v2\/users\/1"}],"replies":[{"embeddable":true,"href":"https:\/\/laspalmas.md\/ru\/wp-json\/wp\/v2\/comments?post=6177"}],"version-history":[{"count":1,"href":"https:\/\/laspalmas.md\/ru\/wp-json\/wp\/v2\/pages\/6177\/revisions"}],"predecessor-version":[{"id":6184,"href":"https:\/\/laspalmas.md\/ru\/wp-json\/wp\/v2\/pages\/6177\/revisions\/6184"}],"wp:attachment":[{"href":"https:\/\/laspalmas.md\/ru\/wp-json\/wp\/v2\/media?parent=6177"}],"curies":[{"name":"wp","href":"https:\/\/api.w.org\/{rel}","templated":true}]}}

<div class="wp-block-cover has-background-dim"><img loading="lazy" width="964" height="723" class="wp-block-cover__image-background wp-image-6178" alt="" src="https://laspalmas.md/wp-content/uploads/2023/07/ubud-home-05.jpg" data-object-fit="cover" srcset="https://laspalmas.md/wp-content/uploads/2023/07/ubud-home-05.jpg 964w, https://laspalmas.md/wp-content/uploads/2023/07/ubud-home-05-300x225.jpg 300w, https://laspalmas.md/wp-content/uploads/2023/07/ubud-home-05-768x576.jpg 768w, https://laspalmas.md/wp-content/uploads/2023/07/ubud-home-05-640x480.jpg 640w" sizes="(max-width: 964px) 100vw, 964px" /><div class="wp-block-cover__inner-container">
<p class="has-text-align-center has-large-font-size"><strong>Capella Ubud Resort 6*</strong></p>
</div></div>



<p><strong>De la 4960 Euro / 7 nopti / Terrace Tent / mic dejun</strong></p>



<h2>Oferta include</h2>



<ul><li>7 nopti cazare in Terrace Tent</li><li>mic dejun</li></ul>



<h2>Oferta nu include</h2>



<ul><li>transport</li><li>asigurare medicala / storno</li></ul>



<h2>Cazare</h2>



<p>Descoperind armonia dintre natura virgină și confortul de lux, Capella Ubud, Bali asigură unități de cazare în stil cort cu piscină cu apă sărată, în mijlocul vegetației luxuriante din Ubud. Situată la numai 7 km de centrul orașului, această proprietate oferă terase mari și terase în aer liber, cu vedere la culturile de orez sau la pădurea tropicală din jur. Oaspeții se pot bucura de o experiență culinară deosebită, cu preparate balineze și internaționale, la restaurantul proprietății. Conexiunea WiFi este disponibilă gratuit în toate zonele.</p>



<p>Având design eclectic în stil balinez, lucrări de artă și obiecte de epocă, camerele acestui complex oferă facilități moderne precum aer condiționat, ventilator, seif personal și fierbător electric. Toate unitățile includ o zonă de relaxare spațioasă. Băile private oferă o cadă de lux și articole de toaletă, precum și un uscător de păr și papuci.</p>



<p>Oaspeții pot lua masa la Mad&#8217;s Lounge sau la Api Jiwa pentru preparate asiatice delicioase. Ca alternativă, oaspeții se pot bucura de gustări de tabără și de filme romantice la Camp Fire. Restaurantele oferă opțiuni vegane și fără gluten. Micul dejun à la carte este servit zilnic la Capella Ubud, Bali.</p>



<p>Activitățile disponibile în apropierea complexului Capella Ubud, Bali includ plimbările cu bicicleta. Oaspeții au la dispoziție biciclete gratuite.</p>



<p>Recepția este deschisă non-stop. Personalul amabil și ospitalier vă va furniza cu plăcere informații despre zonă și insulă.</p>



<p>Peștera Elefantului este la 9 km de complex, iar Naughty Nuri&#8217;s Warung &#038; Grill se află la 5 km. Aeroportul Internațional Ngurah Rai este la 35 km de proprietate.</p>



<h2>Conditii oferta</h2>



<p>Tariful afisat este valabil in momentul editarii / postarii acestei oferte!<br>Locuri in limita disponibilitatii!<br>Atentie, disponibilitatea se poate schimba in orice moment, motiv pentru care va rugam sa ne contactati pentru reconfirmarea tarifelor si / sau a locurilor disponibile!</p>



<h2>Valabilitate oferta</h2>



<p>Tariful afisat este valabil pentru sejur in perioada 08 Oct 2023 &#8211; 27 Oct 2023.<br>Pentru alte date de plecare, nu ezitati sa ne contactati.</p>



<p><strong><a href="https://laspalmas.md/contact-us-1/">Sunați acum pentru o vacanta relaxanta: 060552999 / 023 58 40 04</a></strong></p>



<figure class="wp-block-image size-large"><a href="https://laspalmas.md/wp-content/uploads/2023/07/160819838.jpg"><img loading="lazy" width="1024" height="768" src="https://laspalmas.md/wp-content/uploads/2023/07/160819838-1024x768.jpg" alt="" class="wp-image-6179" srcset="https://laspalmas.md/wp-content/uploads/2023/07/160819838-1024x768.jpg 1024w, https://laspalmas.md/wp-content/uploads/2023/07/160819838-300x225.jpg 300w, https://laspalmas.md/wp-content/uploads/2023/07/160819838-768x576.jpg 768w, https://laspalmas.md/wp-content/uploads/2023/07/160819838-640x480.jpg 640w, https://laspalmas.md/wp-content/uploads/2023/07/160819838.jpg 1200w" sizes="(max-width: 1024px) 100vw, 1024px" /></a></figure>



<figure class="wp-block-image size-large"><a href="https://laspalmas.md/wp-content/uploads/2023/07/160819856.jpg"><img loading="lazy" width="1024" height="768" src="https://laspalmas.md/wp-content/uploads/2023/07/160819856-1024x768.jpg" alt="" class="wp-image-6180" srcset="https://laspalmas.md/wp-content/uploads/2023/07/160819856-1024x768.jpg 1024w, https://laspalmas.md/wp-content/uploads/2023/07/160819856-300x225.jpg 300w, https://laspalmas.md/wp-content/uploads/2023/07/160819856-768x576.jpg 768w, https://laspalmas.md/wp-content/uploads/2023/07/160819856-640x480.jpg 640w, https://laspalmas.md/wp-content/uploads/2023/07/160819856.jpg 1200w" sizes="(max-width: 1024px) 100vw, 1024px" /></a></figure>



<figure class="wp-block-image size-large"><a href="https://laspalmas.md/wp-content/uploads/2023/07/160819859.jpg"><img loading="lazy" width="1024" height="768" src="https://laspalmas.md/wp-content/uploads/2023/07/160819859-1024x768.jpg" alt="" class="wp-image-6181" srcset="https://laspalmas.md/wp-content/uploads/2023/07/160819859-1024x768.jpg 1024w, https://laspalmas.md/wp-content/uploads/2023/07/160819859-300x225.jpg 300w, https://laspalmas.md/wp-content/uploads/2023/07/160819859-768x576.jpg 768w, https://laspalmas.md/wp-content/uploads/2023/07/160819859-640x480.jpg 640w, https://laspalmas.md/wp-content/uploads/2023/07/160819859.jpg 1200w" sizes="(max-width: 1024px) 100vw, 1024px" /></a></figure>



<figure class="wp-block-image size-large"><a href="https://laspalmas.md/wp-content/uploads/2023/07/160819850.jpg"><img loading="lazy" width="1024" height="768" src="https://laspalmas.md/wp-content/uploads/2023/07/160819850-1024x768.jpg" alt="" class="wp-image-6182" srcset="https://laspalmas.md/wp-content/uploads/2023/07/160819850-1024x768.jpg 1024w, https://laspalmas.md/wp-content/uploads/2023/07/160819850-300x225.jpg 300w, https://laspalmas.md/wp-content/uploads/2023/07/160819850-768x576.jpg 768w, https://laspalmas.md/wp-content/uploads/2023/07/160819850-640x480.jpg 640w, https://laspalmas.md/wp-content/uploads/2023/07/160819850.jpg 1200w" sizes="(max-width: 1024px) 100vw, 1024px" /></a></figure>



<figure class="wp-block-image size-large"><a href="https://laspalmas.md/wp-content/uploads/2023/07/160819863.jpg"><img loading="lazy" width="1024" height="768" src="https://laspalmas.md/wp-content/uploads/2023/07/160819863-1024x768.jpg" alt="" class="wp-image-6183" srcset="https://laspalmas.md/wp-content/uploads/2023/07/160819863-1024x768.jpg 1024w, https://laspalmas.md/wp-content/uploads/2023/07/160819863-300x225.jpg 300w, https://laspalmas.md/wp-content/uploads/2023/07/160819863-768x576.jpg 768w, https://laspalmas.md/wp-content/uploads/2023/07/160819863-640x480.jpg 640w, https://laspalmas.md/wp-content/uploads/2023/07/160819863.jpg 1200w" sizes="(max-width: 1024px) 100vw, 1024px" /></a></figure>
